he greatest common divisor of 186840 and 572284.
692
Calculate the greatest common divisor of 153698104 and 7.
7
Calculate the highest common divisor of 1326945 and 150.
15
What is the greatest common factor of 2600 and 83992?
8
What is the highest common divisor of 5208168 and 12789?
609
Calculate the greatest common divisor of 96990 and 417850.
610
What is the greatest common divisor of 120208160 and 45?
5
What is the highest common divisor of 538392535 and 3505?
3505
What is the greatest common factor of 194138 and 267435?
1981
Calculate the greatest common divisor of 1453515 and 1148.
7
Calculate the highest common factor of 5310 and 8500130.
590
Calculate the greatest common divisor of 779224 and 1749656.
2056
What is the greatest common divisor of 25 and 1755230?
5
Calculate the highest common divisor of 3990 and 68665506.
798
Calculate the greatest common divisor of 42878349 and 18.
9
What is the greatest common factor of 1677 and 5615714?
559
What is the greatest common factor of 19345240 and 1390?
10
What is the greatest common factor of 510 and 141922545?
255
Calculate the greatest common factor of 232 and 5963924.
4
Calculate the highest common divisor of 677740 and 2163.
721
Calculate the highest common divisor of 48784 and 1019312.
16
What is the greatest common divisor of 147633 and 180?
3
What is the greatest common factor of 7971776 and 137088?
1088
What is the highest common divisor of 114 and 78597528?
114
Calculate the greatest common divisor of 705 and 1092969255.
705
What is the greatest common factor of 8 and 942217664?
8
What is the greatest common divisor of 1482 and 2846428?
494
Calculate the highest common factor of 4 and 6954800.
4
What is the greatest common factor of 23 and 40999225?
23
What is the highest common divisor of 217688687 and 199?
199
Calculate the highest common divisor of 1479975 and 24675.
525
What is the highest common factor of 95655 and 875595?
105
What is the greatest common divisor of 310 and 1087610?
10
What is the highest common factor of 4426056 and 1273086?
11898
What is the highest common divisor of 89825 and 3661267?
3593
Calculate the highest common factor of 137214 and 27054.
162
Calculate the highest common divisor of 12837199 and 2575.
103
What is the greatest common factor of 405846056 and 77?
77
Calculate the highest common factor of 564299093 and 353.
353
What is the greatest common divisor of 19559003 and 611?
47
Calculate the greatest common divisor of 4785 and 2723535.
435
What is the highest common factor of 244245 and 30495?
285
What is the greatest common factor of 25 and 55561925?
25
Calculate the highest common factor of 38 and 390594343.
19
Calculate the highest common divisor of 4319203 and 3077.
181
Calculate the highest common factor of 960 and 71986368.
192
What is the greatest common divisor of 115003 and 6071689?
2347
What is the greatest common divisor of 61 and 7290476?
61
Calculate the greatest common divisor of 8541 and 979587.
657
Calculate the greatest common factor of 186732724 and 932.
932
What is the highest common divisor of 240978729 and 282?
141
What is the greatest common factor of 21626 and 1755638?
1966
What is the greatest common factor of 83627413 and 47888?
2993
What is the highest common factor of 260 and 6251167?
13
Calculate the highest common divisor of 625527 and 1575.
63
What is the greatest common factor of 5708 and 101110085?
1427
What is the greatest common divisor of 534 and 239748022?
178
What is the greatest common divisor of 360873276 and 1308?
1308
What is the greatest common divisor of 9634 and 1586835408?
9634
What is the highest common divisor of 998391 and 4305?
123
What is the highest common factor of 828168 and 2112?
264
What is the greatest common divisor of 75 and 41709?
3
Calculate the highest common divisor of 2745 and 1833355.
305
What is the highest common divisor of 145576 and 72416?
248
What is the greatest common factor of 36670480 and 88?
88
What is the greatest common factor of 1881 and 856064?
209
What is the highest common factor of 46079 and 159477?
59
What is the highest common factor of 122546 and 109198?
142
Calculate the greatest common factor of 13935956 and 172.
172
Calculate the highest common divisor of 108259 and 651037.
1483
Calculate the highest common factor of 1596904 and 1282546.
866
Calculate the greatest common factor of 466922 and 190933.
443
Calculate the greatest common factor of 4043 and 4024813.
13
Calculate the greatest common factor of 4922 and 2828.
2
Calculate the greatest common divisor of 156329469 and 10719.
3573
What is the highest common factor of 1333 and 4408758?
31
What is the greatest common factor of 95805552 and 80088?
1128
What is the highest common factor of 90744 and 104276?
796
Calculate the highest common factor of 910966 and 1953.
217
What is the highest common divisor of 15250644 and 18603?
477
What is the greatest common divisor of 60 and 539780?
20
What is the highest common factor of 18660 and 8997230?
3110
What is the greatest common divisor of 124 and 22147516?
124
Calculate the greatest common divisor of 5316 and 1011369000.
5316
Calculate the greatest common divisor of 170 and 349129034.
34
Calculate the highest common divisor of 1480495895 and 5367.
1789
Calculate the highest common divisor of 41000 and 11671000.
1000
What is the greatest common divisor of 2970 and 26917495?
55
Calculate the highest common divisor of 33120 and 54792900.
4140
Calculate the greatest common factor of 257 and 135364213.
257
What is the greatest common divisor of 8174225 and 11100?
925
Calculate the highest common factor of 1664 and 4518592.
832
Calculate the greatest common factor of 383794230 and 18990.
6330
Calculate the highest common factor of 309378175 and 1150.
575
What is the highest common factor of 33798803 and 314?
157
What is the highest common factor of 8214614 and 254?
254
What is the highest common factor of 894960 and 679008?
528
Calculate the greatest common divisor of 520206 and 135216.
1878
What is the greatest common factor of 671818 and 51794?
94
What is the highest common factor of 1147 and 602397?
37
Calculate the highest common divisor of 96291513 and 5220.
261
Calculate the highest common factor of 16602 and 132156.
6
Calculate the greatest common divisor of 39528 and 29137016.
488
Calculate the greatest common divisor of 458 and 4708011.
229
Calculate the highest common divisor of 669 and 40983386.
223
What is the highest common divisor of 72 and 146568?
24
Calculate the greatest common factor of 3539434 and 34238.
646
What is the greatest common factor of 1164970 and 18430?
970
Calculate the greatest common divisor of 658287 and 2322.
1161
What is the highest common divisor of 806 and 1230142?
62
Calculate the greatest common factor of 32 and 97255696.
16
What is the highest common factor of 1754213 and 1700?
17
Calculate the greatest common divisor of 30602 and 27758796.
2782
Calculate the highest common divisor of 838215488 and 704.
704
Calculate the highest common divisor of 2070 and 52269708.
138
Calculate the greatest common divisor of 1296126 and 776997.
3393
Calculate the greatest common divisor of 5975 and 5056045.
1195
What is the highest common factor of 5 and 32323435?
5
What is the highest common factor of 13272 and 146719590?
474
Calculate the highest common factor of 230847 and 432.
3
Calculate the highest common divisor of 1194070 and 13541.
1231
Calculate the highest common factor of 1953 and 9371145.
651
Calculate the highest common divisor of 75538 and 29714.
358
Calculate the greatest common factor of 953 and 489553241.
953
What is the highest common divisor of 4253791 and 153?
17
Calculate the highest common divisor of 20387 and 15031657.
1073
Calculate the greatest common divisor of 21812232 and 1248.
312
What is the greatest common divisor of 419593 and 9381587?
3203
What is the highest common factor of 4890675 and 306525?
4575
What is the greatest common divisor of 981 and 4933?
1
What is the highest common factor of 1035589 and 51?
17
Calculate the greatest common factor of 181 and 250123.
1
Calculate the greatest common factor of 1297353250 and 25.
25
Calculate the highest common divisor of 7 and 2194843.
7
What is the greatest comm